53. Give n(45).
-8
Let b(r) = -75*r - 26. Give b(0).
-26
Let b(q) = 23*q**2 - 271*q - 65. Calculate b(12).
-5
Let k(o) = o**2 - 63*o - 33818. Give k(-155).
-28
Let i(g) = 136*g - 1030. Calculate i(8).
58
Let x(b) = -11*b**2 - 189*b - 7. Calculate x(-18).
-169
Let p(s) = -7*s**2 - 567*s - 5. Calculate p(-81).
-5
Let t(k) = -579*k + 1733. Give t(3).
-4
Let s(d) = 21*d + 1046. Determine s(-35).
311
Let j(p) = -127*p - 57. Calculate j(-1).
70
Let f(u) = 39*u - 123. Give f(6).
111
Let g(m) = m**3 - 7*m**2 + 2*m + 4. Calculate g(6).
-20
Let l(t) = -51*t + 18. Calculate l(-2).
120
Let w(u) = u**3 - 13*u**2 + 3*u + 2. Calculate w(13).
41
Let n(j) = -2*j**2 - 2*j - 17. Determine n(0).
-17
Let h(x) = 25*x**2 - 16*x + 39. Determine h(3).
216
Let f(d) = -291*d - 4712. Give f(-16).
-56
Let t(l) = -l**3 + 5*l**2 + 69*l - 41. Determine t(11).
-8
Let q(p) = -p**3 - 16*p**2 - 33*p - 47. Calculate q(-12).
-227
Let q(x) = -50*x - 492. Give q(-9).
-42
Let n(d) = 116*d + 114. Give n(-1).
-2
Let h(z) = 227*z + 4829. Determine h(-21).
62
Let h(d) = -25*d - 1179. Give h(-47).
-4
Let l(w) = 3*w**2 + 9*w + 18. Calculate l(-6).
72
Let d(t) = t**2 - 24*t - 685. Determine d(-17).
12
Let k(b) = 2*b**3 + 7*b. Determine k(0).
0
Let c(a) = a**3 - a**2 + 39*a - 130. Give c(3).
5
Let m(p) = -22*p**3 - 2. What is m(-1)?
20
Let m(a) = -3*a**2 - 39*a + 385. Give m(-19).
43
Let d(u) = 3*u**2 + 57*u - 77. Calculate d(-20).
-17
Let v(n) = 47*n + 3. Calculate v(-1).
-44
Let s(t) = -t**3 - 5*t**2 + 15*t + 54. Determine s(-9).
243
Let z(v) = 50*v**3 + 451*v**2 + 22*v + 39. What is z(-9)?
-78
Let u(d) = -d**3 + 12*d**2 + 35*d - 82. Give u(14).
16
Let d(q) = -q**2 - 24*q + 3213. Give d(46).
-7
Let g(x) = 3*x**2 + 20*x + 41. Calculate g(-5).
16
Let i(q) = q**3 + 43*q**2 - 194*q - 97. Give i(-47).
185
Let z(k) = 20*k + 46. Give z(-3).
-14
Let b(w) = -w**3 - 7*w**2 + 5*w + 44. Give b(-7).
9
Let h(r) = 15*r + 340. Determine h(-24).
-20
Let a(v) = -2*v**2 + 92*v - 398. Calculate a(5).
12
Let a(n) = n**2 - 214*n - 39177. Determine a(332).
-1
Let m(u) = 3*u**2 - 90*u - 1069. Calculate m(-16).
1139
Let y(a) = 24*a**2 - 13*a - 2. Give y(2).
68
Let g(t) = t**3 - 10*t**2 + 6*t - 54. Give g(11).
133
Let f(v) = -72*v - 4020. What is f(-56)?
12
Let x(t) = -t**3 - 10*t**2 - 14*t - 28. Determine x(-9).
17
Let z(y) = 7*y - 263. Give z(39).
10
Let k(p) = p**3 + 51*p**2 + 96*p - 100. Calculate k(-49).
-2
Let k(v) = v**2 + 36*v + 172. What is k(-30)?
-8
Let d(p) = -p**3 - 27*p**2 - 141*p + 39. Calculate d(-20).
59
Let c(q) = 4*q**2 + 214*q - 135. Calculate c(-54).
-27
Let s(h) = 2*h**2 - 44*h + 158. Calculate s(0).
158
Let a(z) = 26*z - 1488. Give a(57).
-6
Let m(k) = -150*k**2 + 31*k + 8. What is m(0)?
8
Let c(z) = z**2 - 162*z + 1230. What is c(8)?
-2
Let c(g) = -2*g**2 + 424*g - 4427. Determine c(11).
-5
Let z(v) = v**3 - 22*v**2 + 117*v + 45. Calculate z(11).
1
Let b(l) = -314*l + 1883. Calculate b(6).
-1
Let s(m) = 78*m**2 - 713*m + 99. Determine s(9).
0
Let h(m) = 222*m**2 + 161*m - 2. Determine h(-1).
59
Let v(d) = 155*d**3 + d**2 + 3*d + 1. Calculate v(-1).
-156
Let q(f) = 166*f**2 + 7*f + 2. Determine q(-1).
161
Let d(n) = -n**3 + 20*n**2 + 16*n + 112. Give d(21).
7
Let p(k) = k**3 - 2*k**2 - 8*k + 29. Give p(-6).
-211
Let o(d) = -d**3 + 97*d**2 + 957*d + 30. Calculate o(-9).
3
Let r(o) = 5489*o - 27448. Determine r(5).
-3
Let p(a) = 24*a**2 + 23*a + 113. What is p(-4)?
405
Let z(d) = -154*d + 2010. Give z(13).
8
Let s(z) = 12*z**2 + 7*z + 50. Give s(-4).
214
Let h(s) = -4*s**2 - 2*s + 27. Calculate h(-9).
-279
Let l(m) = -31*m**2 - 235*m - 467. Determine l(-2).
-121
Let t(m) = -m**3 - 17*m**2 - 86*m - 120. What is t(-10)?
40
Let n(q) = -23*q + 223. Give n(8).
39
Let j(o) = -o**3 + 28*o**2 - 25*o + 9. Give j(27).
63
Let d(s) = s**2 + 209*s - 7752. What is d(-241)?
-40
Let q(l) = 2*l**2 - 100*l + 511. Give q(44).
-17
Let v(w) = w**2 - 17*w - 199. Calculate v(31).
235
Let c(b) = 2*b**3 - 27*b**2 + 55*b - 5. Calculate c(11).
-5
Let q(t) = 3*t**3 - 47*t + 5. Calculate q(4).
9
Let s(c) = -c**2 + 49*c + 596. Determine s(-10).
6
Let g(a) = 18*a - 36. What is g(11)?
162
Let d(o) = 3*o**2 + 74*o + 107. Calculate d(-23).
-8
Let l(h) = -3*h**3 + 22*h**2 - 10*h - 24. Give l(6).
60
Let g(w) = 47*w**2 + 43*w + 43. What is g(-1)?
47
Let r(v) = 3*v + 21. Calculate r(6).
39
Let v(m) = -m**2 + 32*m - 56. Calculate v(29).
31
Let v(y) = -2*y**2 + 18*y + 32. What is v(10)?
12
Let d(y) = 370*y + 3329. Calculate d(-9).
-1
Let t(z) = 14*z**2 + 12*z + 62. Give t(-3).
152
Let q(u) = 90*u - 802. Calculate q(9).
8
Let u(z) = -z**2 - 1414*z - 15441. Determine u(-11).
-8
Let m(i) = -i**3 + 83*i**2 + 533*i - 8. Give m(-6).
-2
Let a(t) = 2*t**2 - 76*t + 269. Determine a(34).
-3
Let v(t) = t**3 - 5*t**2 + t + 4. Give v(0).
4
Let k(f) = 23*f - 664. What is k(36)?
164
Let m(i) = -327*i**2 + 8*i - 6. Give m(0).
-6
Let d(x) = x**3 + 13*x**2 + 27*x - 18. Calculate d(-12).
-198
Let s(h) = h**2 - 347*h + 8916. Determine s(28).
-16
Let p(n) = n**3 - 30*n**2 + 181*n - 51. Calculate p(8).
-11
Let s(o) = -o**3 - 11*o**2 + 10*o + 112. What is s(-11)?
2
Let k(c) = c**2 - 30*c + 149. Calculate k(21).
-40
Let s(h) = h**2 + 248*h + 7985. Calculate s(-38).
5
Let n(k) = 161*k + 7168. Calculate n(-45).
-77
Let r(m) = m**3 + 11*m**2 + 2*m - 14. What is r(-11)?
-36
Let d(t) = -208*t + 61. Give d(4).
-771
Let h(r) = 435*r - 5210. Determine h(12).
10
Let o(s) = 1030*s - 89612. What is o(87)?
-2
Let s(x) = 428*x + 1338. Determine s(-3).
54
Let r(b) = -1798*b + 77322. What is r(43)?
8
Let k(o) = o**3 + 25*o**2 - 122*o - 188. Give k(-29).
-14
Let f(j) = 105*j - 371. Calculate f(4).
49
Let w(c) = -137*c - 47. Calculate w(-3).
364
Let q(i) = 2*i**3 + 43*i**2 - 60*i + 206. What is q(-23)?
-1
Let z(q) = -q**3 + 19*q**2 + 248*q + 85. Give z(28).
-27
Let o(i) = 34*i + 379. Determine o(-20).
-301
Let s(z) = -27*z + 497. Determine s(16).
65
Let r(x) = 3*x**2 + 3*x - 1034. Determine r(-19).
-8
Let f(p) = -4*p**3 + 5*p**2 - 23*p + 38. Calculate f(2).
-20
Let o(n) = 7*n**3 - 29*n**2 - 6*n + 27. Give o(4).
-13
Let b(l) = l**3 + 2*l**2 + 46*l + 7. Give b(0).
7
Let n(r) = -2*r**2 + 140*r - 1193. What is n(60)?
7
Let i(f) = 53*f**2 - 101*f - 5. Give i(2).
5
Let g(i) = i**2 + 10*i - 10. Determine g(-11).
1
Let t(z) = 4*z**2 - 76*z - 36. Give t(19).
-36
Let z(n) = 312*n**2 - 12. What is z(0)?
-12
Let x(w) = 25*w + 134. What is x(-5)?
9
Let l(y) = y**3 - 10*y**2 + 33*y - 260. Determine l(9).
-44
Let f(m) = -m**3 + m**2 + 28*m - 4. What is f(5)?
36
Let b(l) = -49*l + 135. Determine b(5).
-110
Let h(o) = o**3 + 8*o**2 - 9*o - 29. Determine h(-7).
83
Let q(i) = -i**2 + 153*i + 609. Determine q(-4).
-19
Let f(t) = -705*t - 25379. Give f(-36).
1
Let d(i) = 48*i - 118. Give d(4).
74
Let x(j) = j**2 - 5*j + 21. What is x(8)?
45
Let m(l) = -l**3 - 29*l**2 - 53*l - 33. Calculate m(-27).
-60
Let s(l) = -188*l + 1149. Determine s(6).
21
Let i(g) = g**3 - 96*g**2 - 10*g + 953. What is i(96)?
-7
Let q(s) = -s**3 + 2*s**2 + 72*s - 8. Calculate q(-5).
-193
Let l(z) = -29*z**3 + 3*z**2 - 6*z - 24. Give l(-2).
232
Let o(z) = z**2 + 36*z - 862. Give o(17).
39
Let y(q) = -q**3 + 14*q**2 + 27*q - 321. What is y(14)?
57
Let m(c) = 2*c**2 - 23*c - 1284. What is m(-20)?
-24
Let o(z) = 5*z - 57. Determine o(49).
188
Let t(x) = -2*x + 125. Give t(9).
107
Let q(d) = 2294*d + 139928. Determine q(-61).
-6
Let f(w) = 36*w**2 + w + 2. What is f(-1)?
37
Let p(w) = -w**3 + 20*w**2 - 84*w - 16. Calculate p(5).
-61
Let t(b) = b**3 - 16*b**2 + 50*b + 25. Give t(11).
-30
Let i(a) = -a**3 - 10*a**2 - 29*a - 38. Give i(-6).
-8
Let t(u) = 4*u**2 - 25*u + 118. Give t(8).
174
Let a(x) = 22*x + 110. What is a(-3)?
44
Let d(i) = i**3 - 11*i**2 - 25*i - 19. What is d(-2)?
-21
Let l(x) = 2*x**3 + 37*x**2 + 40*x + 381. Give l(-18).
-15
Let j(s) = -4*s**3 + 64*s**2 + 10*s - 10. Calculate j(16).
150
Let w(o) = -2*o**3 - 32*o**2 - 131. Give w(-16).
-131
Let j(s) = s**3 + 59*s**2 - 194*s - 89. Calculate j(-62).
407
Let f(u) = -4*u**2 - 309*u + 329. Give f(-78).
95
Let h(d) = 4*d**2 + 15*d + 118. Determine h(-5).
143
Let g(p) = -p**3 - 55*p**2 + 968*p + 131. Give g(-69).
-7
Let g(m) = -m**2 + 23*m - 146. What is g(14)?
-20
Let o(s) = -9*s + 17. Determine o(-4).
53
Let h(f) = -2*f**3 - 2*f**2 - 7*f - 52. What is h(-7)?
5